. Let m be p(6). Let u = -4 - m. Let x = u + 1. What is the units digit of x?
2
Suppose -10*b = -9*b + 49. Let x = b - -80. What is the tens digit of x?
3
Let m(u) = -u**3 - 6*u**2 - 4*u. Let q be m(-5). Let a(k) = 7*k**2 + 0 - 3*k**3 - 2 + 4*k**3 + 4*k. What is the tens digit of a(q)?
2
Let z(x) = -x - 6. Let q be z(-10). What is the tens digit of (q + 36)*14/8?
7
Let i be 4/(-14) - (-188)/(-28). What is the units digit of i/((-7)/2) + 66 + 2?
0
Let v be (-2 + 5)*6/9. What is the tens digit of (3/v)/(15/1060)?
0
Let v = 23 + -20. Suppose 4*h + 2*x - 98 = -0*h, v*h - 74 = -x. What is the tens digit of h?
2
Let s be -2 + 5 + 235/5. Suppose -3*k + 9 = -5*o + s, k + 23 = 3*o. Suppose 6*q = o*q - 29. What is the tens digit of q?
2
Let s be (-60)/(-20) - (-4 - -1). Suppose -4*c = 2*h + h - 74, h - 10 = -5*c. Suppose -s*r + h = -4*r. What is the units digit of r?
5
Suppose -17 + 2 = -3*c. Let j(s) = 7*s**2 - s + 2. Let w(d) = -6*d**2 + 2*d - 2. Let f(i) = c*j(i) + 6*w(i). What is the units digit of f(4)?
0
Let c = -3 + 0. Let o = 13 + -24. Let d = c - o. What is the units digit of d?
8
Suppose 6*w + 553 + 29 = 0. Suppose -3*g - 195 = 3*p, 3*g = -2*p - 33 - 165. Let k = g - w. What is the units digit of k?
9
Let h(d) = d**2 + 5. Suppose 0 = -4*p + 2*b + b + 3, 4*p - 4*b - 4 = 0. Let i be h(p). Let n(j) = 3*j**2 - 6*j - 3. What is the units digit of n(i)?
2
Let k be ((-10)/20)/(2/(-5132)) - 3. Suppose 0 = 6*i - k - 82. What is the tens digit of i?
2
Let q(x) = 30*x. Let u be q(-2). Let m = 15 + u. Let o = 74 + m. What is the units digit of o?
9
Suppose -2*g = -30*g + 28364. What is the units digit of g?
3
Let v(b) = 305*b**2 + b. Let p be v(1). Let z be (p/(-15) + -3)*-5. Suppose 5*r = 8*r - z. What is the units digit of r?
9
Let n(l) = 126*l - 477. What is the units digit of n(10)?
3
Suppose 194*m - 172*m = 10516. What is the tens digit of m?
7
Suppose -345*f + 35784 = -331*f. What is the hundreds digit of f?
5
Suppose 1714 = 5*t - 4*t - s, 3426 = 2*t - 4*s. What is the tens digit of t?
1
Let v(i) = -i**2 + 8*i + 1. Let o be v(4). What is the tens digit of ((-17)/6)/o - 278/(-12)?
2
What is the hundreds digit of 3/(6/(-84)*-7) - -3293?
2
Let x be (-1)/2 + (-47)/(-2). Let w be -8 + (-4)/(4/(-1)). Let p = x + w. What is the tens digit of p?
1
Let i = 413 + -101. What is the units digit of i?
2
Let d(n) = -4 - 20*n + 0 - 3 + 4*n - n**2. What is the units digit of d(-9)?
6
Let q(g) = 7*g**2 - 26*g + 9. What is the units digit of q(8)?
9
Let t(v) = 12*v**2 + 13*v - 5. What is the hundreds digit of t(-5)?
2
Let r be 9*(-1 + 12) - -3. Let i = r - -114. What is the tens digit of i?
1
Suppose 4*y - 2*r = 2*r + 5408, 0 = 2*y + r - 2698. What is the units digit of y?
0
Let w(b) = -7*b**3 + 19*b**2 + 33*b - 24. Let r(u) = -3*u**3 + 9*u**2 + 16*u - 12. Let y(p) = -5*r(p) + 2*w(p). What is the units digit of y(9)?
8
Suppose 42*p - 1463 = 31*p. What is the hundreds digit of p?
1
Let d(b) = -2*b + 15. Let x be d(6). Suppose -c = x*m - 42, 5*m = m - 12. What is the tens digit of 2 + -4 + -1 + c?
4
What is the hundreds digit of (-242592)/(-525) - (-4)/(-50)?
4
Suppose 1343 = 8*s - 6537. What is the tens digit of s?
8
Let g be (-46)/(-3) + 6/9. Let u = g + 40. What is the units digit of u?
6
Suppose 8*f - 7*f - 3 = 0. Let v(k) = 4*k**2 + k - 1. What is the units digit of v(f)?
8
Let s(w) = 49*w. Let f be s(-1). Let c be (-10)/(-15) + (-933)/9. Let b = f - c. What is the tens digit of b?
5
Suppose 4*r = 4*j + 712, 3*r - 2*j - 2*j - 536 = 0. What is the tens digit of r?
7
Let l(s) = -s - 5. Let w be l(-8). Suppose -w*x = -51 + 192. Let k = 79 + x. What is the units digit of k?
2
Let q(d) = -d**2 - 12*d + 1. Suppose 0 = 15*t - 11*t + 44. What is the tens digit of q(t)?
1
Suppose 0 = n - k - 5958, 5*k - 42963 + 13163 = -5*n. What is the hundreds digit of n?
9
Let j(k) be the first derivative of -28*k**4 + k**3/3 - k**2 - 2*k + 5. Let u be j(-1). Suppose -2*p + u = 29. What is the units digit of p?
2
Suppose 0*a = 5*l - 2*a - 21, 3*l = -3*a. Suppose l*m = 0, 0 = -2*k + m + 29 + 21. What is the units digit of k?
5
Let k = -14 - -24. Let z be (-4)/k + (-712)/20. What is the units digit of (4/12 + -1)*z?
4
Let p = 516 - -797. What is the units digit of p?
3
Let l(u) = -u - 6. Let f be l(-6). Suppose f = -2*r - 3*c + 176, -c - 192 = -2*r - 0*c. Suppose -26 = -4*a + r. What is the units digit of a?
0
Suppose 4 = -2*u, 299 - 97 = -2*k - 2*u. Let h = -29 - k. What is the units digit of h?
0
Suppose 0 = 10*n - 4701 - 4379. What is the units digit of n?
8
Let t(r) = -r**3 - 5*r**2 - 6*r - 4. What is the units digit of t(-4)?
4
What is the hundreds digit of (3/6)/(30/71280)?
1
What is the units digit of ((-33)/11 - (-2)/(-2)) + 1011?
7
Let u(r) = 10*r**2 - 19*r + 30. What is the units digit of u(7)?
7
Let y be 1*3/2*156. Suppose -y = -3*s - 3*s. What is the tens digit of s?
3
What is the hundreds digit of 6/9*((-1141)/(-2) - -1)?
3
Suppose -7*u = 3*a - 10*u - 948, 2*a - u - 636 = 0. What is the units digit of a?
0
Suppose -5*w + 9737 + 4963 = 0. What is the tens digit of w?
4
Let q = 49 - 47. Suppose 4*x - q*a = x + 107, -4*x + 3*a + 144 = 0. What is the units digit of x?
3
Suppose -63 = -3*n + 6*n. Suppose -4*p + 2*d - 93 = 99, -4*d + 237 = -5*p. Let f = n - p. What is the units digit of f?
8
Let h(x) = 3*x**2 - 15*x - 50. What is the tens digit of h(-5)?
0
Suppose -14*f + 12*f = -116. Suppose 0 = 2*t - 3*c - f - 36, -3*c = -5*t + 235. What is the units digit of t?
7
Let s = -1343 - -2260. What is the units digit of s?
7
Suppose v = 4*v - 180. Suppose -3*l - 13 - 37 = -2*a, 4*a - v = -4*l. What is the units digit of a?
9
Suppose -3*f + 5 = -4*f. Let o(s) = s**2 + 5*s + 2. Let h be o(f). Suppose -5*v + 271 = -h*d, 3*v - 3*d = 7*v - 203. What is the tens digit of v?
5
Let r(s) = 16*s**3 - 11 + 24*s - 14*s**2 - 15*s**3 - 10*s. What is the units digit of r(13)?
2
Suppose -t + 24 = -137. What is the units digit of t?
1
Let l(p) = 20*p**2 - 19*p - 97. What is the hundreds digit of l(-6)?
7
Let u be 3 + 4/2 + -4. Let v(z) = 5*z - 3. Let f be v(u). Suppose -4*s - f*c - 132 = -352, c - 2 = 0. What is the tens digit of s?
5
Suppose -b = v + 2, 3*v + 2*v + b + 2 = 0. Let w be v/(-2) + 65 + 1. Let o = -36 + w. What is the units digit of o?
0
Suppose 2*m = 4*p - 26, 0*m = -m - 5. Suppose o = 3*i - 12, -5*i = p*o + o + 120. What is the units digit of 6/(-3) - -3 - o?
2
Suppose 2*c - 12 = -238. What is the hundreds digit of (c + 3)*-1 - 1?
1
Let b(z) = -5*z + 2. Let k = -2 - -7. Suppose -4*i + 10 = -3*l - 3*i, i = k*l + 14. What is the units digit of b(l)?
2
Let a = -15 - -10. Let r = 67 - a. Suppose 2*b = -2*d + r, 2*d + 0*d = -b + 36. What is the tens digit of b?
3
Let n(r) = -3*r**3 + 7*r**2 + 31*r - 10. Let h(w) = -w**3 + 4*w**2 + 15*w - 5. Let a(p) = -5*h(p) + 2*n(p). What is the units digit of a(-6)?
3
Suppose 110*i - 15768 = 92*i. What is the units digit of i?
6
Let s = -12 + 12. Suppose -2*o = 3*d - s*d - 50, -o = -4. Let k = 27 - d. What is the units digit of k?
3
Suppose 0 = 5*y - 3*w + 337, 0 = 2*y + 3*y + 4*w + 309. Let h = y + 92. Suppose i + i = u - h, -u = -3*i - 30. What is the tens digit of u?
2
Suppose 109*j - 13258 = 95*j. What is the tens digit of j?
4
Let w = 14 + -10. What is the units digit of (246/w)/((-34)/8 + 5)?
2
Let r = 55 - -530. Let g = r + -285. What is the hundreds digit of g?
3
Suppose 2*a + 24 = -5*b + 4*a, a - 14 = 3*b. Let q be 1*(2 - (-24)/b). Let l = q + 16. What is the tens digit of l?
1
Let l = -189 + 305. What is the hundreds digit of l?
1
Let x(l) = -50*l - 2. Let a = 38 + -39. What is the tens digit of x(a)?
4
Suppose 4*d - 2442 = -2*d. What is the tens digit of d?
0
Let k = 2630 + -1464. What is the thousands digit of k?
1
Let o = -14 - -16. Suppose 0*d + 22 = v + 2*d, -v + 42 = -o*d. Suppose 6*y = y + 2*l + 79, l + v = 2*y. What is the units digit of y?
5
Let h = 651 + 94. What is the units digit of h?
5
Let q(l) = l**3 + 8*l**2 - 11*l + 10. Let m be q(-9). Suppose -k = -5*k + m. Suppose -5*x - 4*y = -165, -x + k*y - 3*y + 9 = 0. What is the tens digit of x?
2
Suppose 0 = -79*a + 43*a + 20772. What is the tens digit of a?
7
Let z(j) = -7 - 8*j + 5*j**2 - 4*j**2 + 4*j. Suppose 4*t - 3*f + 5*f = 18, 5*t + 4*f = 15. What is the units digit of z(t)?
4